prime?
True
Is 2134129891 prime?
True
Is 4761052339 composite?
True
Is 578905843 prime?
True
Is 258114322819 prime?
True
Is 26780584729 a prime number?
True
Is 1462795879 a composite number?
False
Is 858345941 composite?
False
Is 1219924001 composite?
True
Is 169500280759 a prime number?
False
Is 5765051513 composite?
True
Is 499363139 a composite number?
True
Is 509043523 prime?
True
Is 2084698169 prime?
True
Is 5110905377 composite?
False
Is 2261133527 composite?
True
Is 45582150527 a prime number?
True
Is 349390933 a composite number?
True
Is 334660973 composite?
True
Is 3817781329 a composite number?
True
Is 1075486871 a prime number?
True
Is 1643009831 prime?
False
Is 6025900307 a prime number?
False
Is 77828724893 a prime number?
True
Is 22040817109 prime?
False
Is 412484659 a composite number?
False
Is 6291971291 a composite number?
False
Is 109679979847 prime?
False
Is 11679065743 a composite number?
True
Is 19301687941 a prime number?
True
Is 59771996341 composite?
True
Is 3282290567 prime?
True
Is 1575863162 a prime number?
False
Is 74837580011 prime?
True
Is 2274269614 composite?
True
Is 5791344369 prime?
False
Is 25352580171 prime?
False
Is 1527275617 prime?
False
Is 721823953789 a composite number?
False
Is 1627434013 a prime number?
True
Is 879851669 a prime number?
False
Is 291385547 a prime number?
False
Is 3299054251 a prime number?
True
Is 166794143 a prime number?
True
Is 132393917 prime?
False
Is 1262915077 a prime number?
False
Is 577770587 composite?
False
Is 26761471657 a prime number?
True
Is 814567591 composite?
True
Is 393909227 prime?
False
Is 13367139919 composite?
True
Is 3831388091 composite?
False
Is 1940661391 prime?
True
Is 28601534399 a prime number?
True
Is 12974782703 prime?
False
Is 2514968887 composite?
True
Is 7031642701 prime?
False
Is 365470597 a composite number?
True
Is 9744517 prime?
True
Is 6457974935 a prime number?
False
Is 12516566423 composite?
True
Is 1180430621 composite?
False
Is 425008666 a composite number?
True
Is 1250105485 prime?
False
Is 4333923487 a prime number?
False
Is 519268681 a prime number?
True
Is 156333119 composite?
True
Is 97478426651 prime?
True
Is 15497093701 a prime number?
False
Is 252753493 a prime number?
False
Is 1622590883 a composite number?
False
Is 113134819701 composite?
True
Is 1170166961 a prime number?
True
Is 6877541219 a composite number?
False
Is 166201379 composite?
True
Is 4793636077 prime?
False
Is 39640390043 a composite number?
False
Is 1548151817 composite?
True
Is 216863686558 prime?
False
Is 1410194249 prime?
True
Is 5378194477 prime?
False
Is 229550313347 a prime number?
False
Is 2389284791 prime?
False
Is 2362105 a prime number?
False
Is 32684420389 composite?
False
Is 73641639853 a prime number?
False
Is 195332909 a prime number?
True
Is 7412390177 a prime number?
True
Is 3478531097 composite?
False
Is 110822292697 a composite number?
False
Is 6997461479 prime?
False
Is 82009491341 a prime number?
True
Is 8507929889 a composite number?
True
Is 26519989063 a prime number?
False
Is 10129720427 a prime number?
True
Is 42151666861 prime?
False
Is 10559211317 a prime number?
False
Is 105563864141 a composite number?
True
Is 876932711 a composite number?
True
Is 1395581809 composite?
False
Is 164727323 prime?
True
Is 19762479173 composite?
False
Is 5160037471 a composite number?
False
Is 1158065777 a prime number?
False
Is 3892045361 a composite number?
True
Is 36702500273 a prime number?
True
Is 35781154093 composite?
True
Is 2771715823 prime?
True
Is 9681456833 a prime number?
True
Is 11499496199 a prime number?
False
Is 663925261 composite?
True
Is 1148353457 composite?
False
Is 7415049691 a prime number?
False
Is 262680371 prime?
True
Is 163333897 composite?
True
Is 2299339061 a prime number?
False
Is 563239151 composite?
False
Is 23867826031 a prime number?
False
Is 7288487233 a prime number?
False
Is 8275852453 prime?
False
Is 1524603767 prime?
False
Is 956590883 a composite number?
False
Is 347710189 a prime number?
False
Is 470273477 prime?
False
Is 1949879429 composite?
False
Is 497977273 a prime number?
False
Is 184394877 a composite number?
True
Is 52492708837 prime?
True
Is 5031516887 a prime number?
False
Is 1972842661 prime?
True
Is 154134431039 prime?
True
Is 161052397 a composite number?
True
Is 5805549754 prime?
False
Is 401934041 composite?
False
Is 611807881 a composite number?
False
Is 7752015233 prime?
True
Is 122012051519 composite?
False
Is 764884181 a composite number?
True
Is 1877993729 a composite number?
False
Is 78630175889 prime?
True
Is 54930162621 composite?
True
Is 3288925177 a prime number?
False
Is 128264659 prime?
True
Is 339237119 a composite number?
True
Is 80204209 a prime number?
True
Is 2234209169 composite?
True
Is 6095130493 a prime number?
True
Is 3572987839 prime?
True
Is 5649707423 prime?
True
Is 2342663927 a prime number?
True
Is 2588827039 a composite number?
False
Is 1541755871 composite?
True
Is 43816111349 prime?
True
Is 845698877 composite?
False
Is 750998869 prime?
False
Is 587214451 a composite number?
True
Is 87733249 a composite number?
False
Is 1895373599 prime?
False
Is 446342041 a prime number?
True
Is 5325947141 a prime number?
False
Is 36021344537 prime?
True
Is 2935416251 prime?
False
Is 1147767763 prime?
False
Is 2565710897 a composite number?
False
Is 1116810379 a prime number?
False
Is 223703899 composite?
True
Is 22213990529 a composite number?
False
Is 678341513 composite?
False
Is 6094481593 prime?
True
Is 2325547499 composite?
True
Is 1846498079 prime?
True
Is 28684181459 composite?
True
Is 11215881107 prime?
True
Is 4483715407 prime?
False
Is 19292162597 a prime number?
True
Is 22658161579 a composite number?
False
Is 20246477017 a prime number?
False
Is 34034457637 composite?
True
Is 7409360221 a prime number?
False
Is 3075120865 a composite number?
True
Is 224391407 a prime number?
True
Is 78876312857 composite?
False
Is 238750321 a prime number?
True
Is 522378587 composite?
True
Is 37763435771 a prime number?
True
Is 502054019 composite?
True
Is 3093879527 a prime number?
False
Is 1178337707 composite?
False
Is 15262314187 a composite number?
False
Is 891609221 a composite number?
True
Is 7804552297 composite?
True
Is 15559824289 a prime number?
False
Is 3052631431 composite?
False
Is 271669367 a composite number?
True
Is 26811709627 a prime number?
False
Is 10920242963 a composite number?
True
Is 142828999 a prime number?
False
Is 7368908171 prime?
True
Is 1319656219 a prime number?
False
Is 9793045033 composite?
True
Is 1452683811 prime?
False
Is 7048972267 a prime number?
False
Is 5605768067 a prime number?
False
Is 533108623 a composite number?
False
Is 18340488329 a prime number?
False
Is 9147346231 composite?
False
Is 77472787 a composite number?
True
Is 7728595307 a prime number?
True
Is 6110660027 a prime number?
False
Is 1980294467 a composite number?
True
Is 557564507 composite?
True
Is 22851136439 prime?
True
Is 1489461499 composite?
False
Is 2709328717 a composite number?
False
Is 1910146687 a composite number?
False
Is 302569541 a composite number?
False
Is 5318296873 composite?
True
Is 204792174319 a composite number?
False
Is 8297755429 a composite number?
False
Is 476364145 composite?
True
Is 427365977 a prime number?
False
Is 1529239637 prime?
False
Is 1561279103 composite?
False
Is 3812729813 a prime number?
True
Is 227793233 composite?
True
Is 448127677 prime?
True
Is 687406787 a composite number?
True
Is 490514177 a prime number?
True
Is 13492860013 composite?
True
Is 20572496147 a composite number?
True
Is 4147876049 a composite number?
False
Is 4177117121 prime?
False
Is 214238747 composite?
True
Is 8252861077 composite?
True
Is 7664593501 a prime number?
True
Is 321900781 composite?
True
Is 470341349 prime?
True
Is 15716543429 a composite number?
True
Is 264723688181 prime?
False
Is 751573513 prime?
False
Is 5762766461 a composite number?
False
Is 179245933 a composite number?
True
Is 573970213 a prime number?
True
Is 1036063343 composite?
True
Is 50989884767 composite?
True
Is 263381213 prime?
True
Is 1434228707 a composite number?
True
Is 177757303 a prime number?
False
Is 18013395841 prime?
False
Is 1059849611 prime?
False
Is 6296713217 a prime number